 a = 3*r + 75. What are the prime factors of a?
3, 23
Suppose 0 = 40*v - 412317 - 303163. List the prime factors of v.
31, 577
List the prime factors of 51/(918/180) - -20261.
3, 29, 233
Let w = 47 - 44. Suppose w*z - 9*z = -198. Let g = 88 - z. What are the prime factors of g?
5, 11
Let i(x) = 33 - 18 + 41*x + 35. List the prime factors of i(13).
11, 53
Let r be -2 + (48/(-4))/3 + 9. Suppose -r*z - s + 1096 = 0, 3*z - 1683 = -2*s - 586. What are the prime factors of z?
5, 73
Let l be 3 - ((0 - 0)/8)/(-1). Suppose 2*x - 6 = 2. Suppose -x*i + f = -f - 320, l*f = -4*i + 320. What are the prime factors of i?
2, 5
Let q = 183 - 69. Suppose -u + o + 185 = -q, -1164 = -4*u - 4*o. Suppose l - u + 18 = 0. List the prime factors of l.
277
Let y = 3 - -1. Suppose 2*x - 2*i = 18, 25*x - 28*x + 3 = 3*i. Suppose 0 = y*r + x*m - 383, 3*r - 111 = -2*m + 171. List the prime factors of r.
2, 23
Let o(a) = -2*a + 27. Let z be o(11). Suppose 96 = z*k - k. Let u = k + -12. What are the prime factors of u?
2, 3
Suppose b - 4*o - 11 = 56, 2 = 2*o. Let m = 397 - b. Suppose 5*n - 79 = 2*q - 292, 0 = -3*q + n + m. What are the prime factors of q?
109
Let x = 269 - 272. What are the prime factors of ((-18)/(-8))/(-11*x/3168)?
2, 3
Let f(n) = n**3 - 17*n**2 + 14*n + 38. Let y be f(16). Let o(w) = -w**3 + 8*w**2 + 2*w + 2. List the prime factors of o(y).
2, 43
What are the prime factors of -20 + 12 + 11 + 43257?
2, 3, 5, 7, 103
Suppose -3*j = 6, f + 3*j + 2 = 7. Suppose 0 = -f*z - 14*z + 4100. What are the prime factors of z?
2, 41
Let f be 8/(-12)*36/(-12). Suppose 995 = f*s - 527. List the prime factors of s.
761
Suppose 0 = 3*k + 1771 - 4702. List the prime factors of k.
977
List the prime factors of (16/(-5))/(-1*(-6)/(-37095)).
2, 2473
Suppose -3*h + 12 = 3*t - 6, 0 = -t - 3*h + 16. List the prime factors of ((-1336)/(-1))/(t + 1).
2, 167
Let n(w) = -51*w**2 + 104*w**2 + 321 - 55*w**2. List the prime factors of n(0).
3, 107
Suppose -23815 - 136858 = -73*m. List the prime factors of m.
31, 71
Let s(c) = 6 + 32*c**2 - 93*c + 193*c - 99*c. What are the prime factors of s(2)?
2, 17
Let s be (16 + 2)*(1 + (9 - 11)). List the prime factors of 3/s - (-82943)/102.
3, 271
Suppose 0 = 7*p - 1594 - 954. Suppose -16*u = -12*u + p. Let m = 164 + u. What are the prime factors of m?
73
Let w = -581 + 580. What are the prime factors of ((2/2 - 3) + -530)*w?
2, 7, 19
Let x(p) = -6*p**2 + 345*p + 13. List the prime factors of x(24).
7, 691
Suppose 4*s - 2*s = -4, -5*v = 4*s - 162. Suppose 5*t + v = 584. List the prime factors of t.
2, 5, 11
Let n(x) be the first derivative of -261*x**2/2 - 127*x - 249. What are the prime factors of n(-6)?
1439
Let k be 1/3*12/(-4)*5. Let h(u) = u**3 + 3*u**2 - 10*u + 3. Let s be h(k). Suppose 0*q + 4*q + s*r = 11, 4*r - 12 = -4*q. What are the prime factors of q?
2
Let b(s) = 28*s + 5. Let p be b(1). Suppose -8*c + p = 3*c. Suppose -1 = g, c*g + 538 = -0*k + 5*k. List the prime factors of k.
107
Suppose 4*s + 5*w = -8 - 4, -s - 2*w = 6. Suppose s*v = 7*v - 2200. Suppose 4*c - 9*c = -v. What are the prime factors of c?
2, 11
Let r(i) = 13*i**3 - 60*i + 216. List the prime factors of r(6).
2, 3, 37
Suppose 5 = 7*m - 9. Let r be ((-6)/4)/(-9*m/(-60)). Let t(h) = -5*h + 9. What are the prime factors of t(r)?
2, 17
Let z(f) = -50*f + 7. Suppose -7 + 97 = -3*r - 4*v, -v = -4*r - 101. Let p be (1/5 + r/(-20))*-2. What are the prime factors of z(p)?
157
Let d = 53606 - 26799. List the prime factors of d.
11, 2437
What are the prime factors of -1 - (2 - 5499) - (4 + -4)/(-17)?
2, 3, 229
Let c(m) = -292*m - 5880. What are the prime factors of c(-123)?
2, 3, 2503
Suppose 18*p - 478 = -226. Let q(b) = 6*b**2 - 32*b + 33. List the prime factors of q(p).
761
Let q(v) = -2*v**3 - 26*v**2 - 41*v - 385. What are the prime factors of q(-20)?
5, 17, 71
Let k(s) = 18*s**3 - 4*s**2 + s + 1. Let g = 62 - 65. Let j be k(g). Let w = -288 - j. List the prime factors of w.
2, 59
Let v(y) = -2*y - 20. Suppose -90 = 4*d + 6. Let f be d*(-1 + 10/6). What are the prime factors of v(f)?
2, 3
Let r(s) = 65 - 5*s**2 - 136 + 24*s + 61 + 2*s**2. Let d be r(7). List the prime factors of 193 + (-5 + d)/3.
3, 5, 13
Suppose 63*o + 37*o - 3387538 - 11862 = 0. What are the prime factors of o?
2, 23, 739
Let f(g) = -g. Let s be (-34)/12 - (-5)/(-30). Let t(k) = 1. Let w(b) = s*f(b) - 3*t(b). What are the prime factors of w(25)?
2, 3
What are the prime factors of (-7077)/(-1) + 136/34?
73, 97
Let i be (-23)/((-94)/46 + (-16)/(-8)). Let x = i - 140. What are the prime factors of x?
389
Let a(o) be the third derivative of o**5/60 - 13*o**4/24 - o**3/3 + 2*o**2 - 46*o. List the prime factors of a(21).
2, 83
Suppose 1536111 - 7832363 = -367*d. List the prime factors of d.
2, 4289
What are the prime factors of (774/4)/(75/5000)?
2, 3, 5, 43
Let p(z) = 6*z**2 - 3*z + 6. Let f be p(4). Suppose -3*c + 336 - f = -3*j, -3*c = 2*j - 271. Let i = c - 8. What are the prime factors of i?
79
Let g(f) = -f**2 - 18*f - 62. Let s be g(-14). List the prime factors of 23/(138/360)*(-40)/s.
2, 5
Let a be -26*(0 + 4/(-8)). Let n(m) = -m**3 + 12*m**2 + 12*m + 41. What are the prime factors of n(a)?
2, 7
Suppose -54*x + 244720 = -15*x - 16*x. List the prime factors of x.
2, 5, 7, 19
Let s(u) = 5*u**2 + 32*u + 1365. List the prime factors of s(-58).
3, 5443
Let t = -162 + 141. What are the prime factors of (-1)/((t/312)/7)?
2, 13
Let x = -92 + 17. Let t = 95 + x. What are the prime factors of t?
2, 5
Suppose -3*q = -7*q - 4. Let a be (6 + q)*(8 - -2). List the prime factors of (7*(-6)/(-10))/(2/a).
3, 5, 7
Let q(c) = 8*c - 4. Let m be q(1). Let h be 0/(3*6/(-9)). Suppose 2*t - m*f - 306 = h, -t + 182 = -5*f + 32. What are the prime factors of t?
5, 31
Suppose 5*r = -2*f - 29, -5*r = f + 2*f + 31. Let b be 10 + (-1)/f*-10. List the prime factors of (6 - (-60)/b) + 0/(-1).
2, 3
Suppose 0 = 2*b + 2 + 76. Let s = -34 - b. Suppose i - s*l = 201, -6*i + l = -11*i + 875. What are the prime factors of i?
2, 11
What are the prime factors of 1*(20458/10 - (-12)/10)?
23, 89
Suppose z + 14*z = 15. Let y(s) = 31*s**2 + 4*s + 36 - 5*s - 34. List the prime factors of y(z).
2
Suppose -2*q + 29 = 3. Let s be 3*q*(-24)/9*1. Let b = -55 - s. What are the prime factors of b?
7
Suppose 3*l + z = 242819, 0 = -15*l + 10*l - 5*z + 404715. What are the prime factors of l?
2, 11, 13, 283
List the prime factors of (3/(-18) - 3/9*-2)*46532.
2, 11633
Suppose -5*i - 4*t + 49008 = 0, 161*t - 29416 = -3*i + 157*t. List the prime factors of i.
2, 31, 79
Let z(w) be the first derivative of 19*w**2/2 - 68*w - 1. What are the prime factors of z(16)?
2, 59
Suppose -3 = -h + 7. Suppose 0*q = -5*q + h. Suppose 0 = -5*p + 10, q*a - 85 - 109 = -4*p. What are the prime factors of a?
3, 31
Let i(a) = 6*a - 22. Let w = -28 - -32. Suppose w*f - 6 - 54 = 0. List the prime factors of i(f).
2, 17
Let a = -9579 + -7194. What are the prime factors of a/(-18) + 4/24?
2, 233
Let t(j) = 4*j**3 + j**2 + 4*j + 3. Let l be t(-2). Let c be ((-12)/(-16))/((-4)/304). Let k = l - c. What are the prime factors of k?
2, 3
Let v(x) = -x**3 + 10*x**2 + 11*x + 10. Let y = 72 - 45. Let z be 12/(-54) + 303/y. List the prime factors of v(z).
2, 5
Suppose 17 = -z + 20, q + 3*z - 38389 = 0. List the prime factors of q.
2, 5, 19, 101
Let a = 271 - -906. Let p = a + -359. List the prime factors of p.
2, 409
Suppose -170005 = 26*f - 31*f. Suppose -4018 - f = -3*y. What are the prime factors of y/69 - 4/6?
3, 61
Let a be -1*(-2)/1*(-72875)/(-125). Suppose 0 = -2*p + 3254 - a. List the prime factors of p.
2, 3, 29
Let j be ((-36)/20 + 1)*-5. Let f be (-593)/(-17) + 2*6/102. Suppose p - 33 = -j*z + f, -p + 80 = z. List the prime factors of p.
2, 3, 7
Let j(a) = 142*a**3 + 3*a**2 - 13*a + 25. Let o(p) = 142*p**3 + 3*p**2 - 13*p + 21. Let h(g) = -2*j(g) + 3*o(g). What are the prime factors of h(2)?
5, 227
Suppose -9 = -8*p - 65. Let o(x) = -42*x + 8. Let w be o(p). Suppose 5*u - w = 4*j, 0*j + 128 = 2*u - 4*j. List the prime factors of u.
2, 29
Suppose 5*z + 4*h = 15504 + 125477, 4*h = -4*z + 112784. What are the prime factors of z?
3, 13, 241
Let g(d) = -d**3 - 60*d**2 + 200*d + 1193. What are the prime factors of g(-64)?
17, 281
Let y = -27774 + 59756. What are the prime factors of y?
2